{"id":6,"date":"2015-09-16T19:59:22","date_gmt":"2015-09-16T17:59:22","guid":{"rendered":"http:\/\/regina-kapsner.de\/?page_id=6"},"modified":"2017-01-15T18:40:19","modified_gmt":"2017-01-15T17:40:19","slug":"assistentin","status":"publish","type":"page","link":"https:\/\/regina-kapsner.de\/","title":{"rendered":"Assistentin auf Zeit"},"content":{"rendered":"<p><strong>Als qualifizierte Assistentin entlaste ich\u00a0Sie<\/strong><\/p>\n<p>Gern\u00a0helfe ich Ihnen bei\u00a0einmaligen Aktionen oder auch regelm\u00e4\u00dfig. Ich bin selbst\u00e4ndig t\u00e4tig und kann\u00a0ganz nach Ihrem Bedarf stunden- oder tageweise\u00a0t\u00e4tig sein.<br \/>\nEgal, wo Sie sind &#8211; als &#8222;virtual assistant&#8220; kann ich Sie in meinem home-office unterst\u00fctzen. Sie schicken mir z. B. Ihre Dateien zum \u00dcberarbeiten\u00a0oder Sie richten mir einen Zugang auf Ihrem Server ein, und los geht&#8217;s.<br \/>\nIn und um M\u00fcnchen komme ich auch gern zur Ihnen ins\u00a0B\u00fcro.<br \/>\nAls Assistentin im Projektmanagement, zur Unterst\u00fctzung der Gesch\u00e4ftsf\u00fchrung oder im Controlling bzw. in der IT k\u00f6nnen Sie mich genauso einsetzen wie zur L\u00f6sung konkreter Sonderaufgaben in der allgemeinen Organisation.<\/p>\n<p>Meine Spezialit\u00e4t f\u00fcr Sie:<\/p>\n<p>Erstellung von <strong>Excel-Werkzeugen <\/strong>aller Art.<\/p>\n<ul>\n<li>Liquidit\u00e4tspl\u00e4ne auch f\u00fcr mehrere Firmen, die miteinander verkn\u00fcpft werden<\/li>\n<li>monatliche Soll-Ist-Vergleiche<\/li>\n<li><strong>Makros<\/strong> f\u00fcr automatisierte Daten-\u00dcbernahme aus anderen Systemen (Datev, Datenbank o.\u00e4.)<\/li>\n<li><strong>Kostenverfolgung<\/strong> auch f\u00fcr komplexe Projekte<\/li>\n<li>Mittelabflussplanung auch mit grafischen Elementen<\/li>\n<li><strong>Terminverfolgung<\/strong> mit bedingter Formatierung f\u00fcr kritische Termine<\/li>\n<li>\u00fcbersichtliche <strong>Listen<\/strong> f\u00fcr alle Arten von Informationen (Inventar, Fuhrpark, Vertr\u00e4ge, komplexe Mitarbeiter-Listen, Termine, Kosten, Soll-Ist-Vergleiche)<\/li>\n<li>Aufbereitung von <strong>Daten<\/strong> aus Datenbanken<\/li>\n<li>Makro-Programmierung f\u00fcr <strong>automatisierte Abl\u00e4ufe<\/strong>: sparen Zeit und vermeiden Fehler<\/li>\n<li>jeweils \u201c<strong>ma\u00dfgeschneidert<\/strong>\u201d f\u00fcr Sie, Ihre Firma, Ihre Aufgabenstellung, Ihre W\u00fcnsche<\/li>\n<li>dar\u00fcber hinaus helfe ich Ihnen bei<\/li>\n<\/ul>\n<p>&#8211; <strong>Powerpoint<\/strong>-Pr\u00e4sentationen<\/p>\n<p>&#8211; \u00dcbersetzungen englisch-deutsch, franz\u00f6sisch-deutsch<\/p>\n<p>&#8211; <strong>Korrektur<\/strong>-Lesen von Texten \/ Brosch\u00fcren \/ Pr\u00e4sentationen \/ Webseiten, \u2026<\/p>\n<p>&#8211; Rechnungen schreiben und Mahnwesen<\/p>\n<p>&#8211; Erstellen einfacher <strong>Webseiten<\/strong><\/p>\n<p>&#8211; Pflegen von Webseiten<\/p>\n<p>&#8211; Pflegen von Datenbanken<\/p>\n<p>&#8211; Recherche<\/p>\n<p>&#8211; u.v.a.m.<\/p>\n","protected":false},"excerpt":{"rendered":"<p>Als qualifizierte Assistentin entlaste ich\u00a0Sie Gern\u00a0helfe ich Ihnen bei\u00a0einmaligen Aktionen oder auch regelm\u00e4\u00dfig. Ich bin selbst\u00e4ndig t\u00e4tig und kann\u00a0ganz nach Ihrem Bedarf stunden- oder tageweise\u00a0t\u00e4tig sein. Egal, wo Sie sind &#8211; als &#8222;virtual assistant&#8220; kann ich Sie in meinem home-office unterst\u00fctzen. Sie schicken mir z. B. Ihre Dateien zum \u00dcberarbeiten\u00a0oder Sie richten mir einen Zugang &hellip; <a href=\"https:\/\/regina-kapsner.de\/\" class=\"more-link\"><span class=\"screen-reader-text\">Assistentin auf Zeit<\/span> weiterlesen<\/a><\/p>\n","protected":false},"author":1,"featured_media":0,"parent":0,"menu_order":10,"comment_status":"closed","ping_status":"closed","template":"","meta":{"_themeisle_gutenberg_block_has_review":false,"footnotes":""},"class_list":["post-6","page","type-page","status-publish","hentry"],"aioseo_notices":[],"_links":{"self":[{"href":"https:\/\/regina-kapsner.de\/index.php?rest_route=\/wp\/v2\/pages\/6","targetHints":{"allow":["GET"]}}],"collection":[{"href":"https:\/\/regina-kapsner.de\/index.php?rest_route=\/wp\/v2\/pages"}],"about":[{"href":"https:\/\/regina-kapsner.de\/index.php?rest_route=\/wp\/v2\/types\/page"}],"author":[{"embeddable":true,"href":"https:\/\/regina-kapsner.de\/index.php?rest_route=\/wp\/v2\/users\/1"}],"replies":[{"embeddable":true,"href":"https:\/\/regina-kapsner.de\/index.php?rest_route=%2Fwp%2Fv2%2Fcomments&post=6"}],"version-history":[{"count":4,"href":"https:\/\/regina-kapsner.de\/index.php?rest_route=\/wp\/v2\/pages\/6\/revisions"}],"predecessor-version":[{"id":104,"href":"https:\/\/regina-kapsner.de\/index.php?rest_route=\/wp\/v2\/pages\/6\/revisions\/104"}],"wp:attachment":[{"href":"https:\/\/regina-kapsner.de\/index.php?rest_route=%2Fwp%2Fv2%2Fmedia&parent=6"}],"curies":[{"name":"wp","href":"https:\/\/api.w.org\/{rel}","templated":true}]}}